git of x?
5
Suppose 0*x + 2*x + 15 = 3*l, -4*x - 24 = -4*l. Suppose -3*t - l*s - 8 = 4, 14 = -2*t + s. Let p(w) = -w + 4. What is the tens digit of p(t)?
1
Let h(b) = -66*b - 102. What is the units digit of h(-6)?
4
Let k be 1/(-4) - (-3)/(-4). Let n(o) = o**3 - o**2 - o - 1. Let g(d) = 13*d**3 - 8*d**2 - 7*d - 6. Let f(j) = -g(j) + 6*n(j). What is the units digit of f(k)?
8
Let l(a) = -2*a - 16. What is the units digit of l(-14)?
2
Let u = 9 - 9. Suppose -2 = -2*r + 4*o, u = 3*r + 2*r - 4*o - 29. What is the units digit of r?
9
Suppose 12*y - 10 = 10*y. Let o = y - -5. What is the tens digit of o?
1
Let x(r) = -19*r + 27. What is the units digit of x(-6)?
1
Let y(r) = r**2 - r + 72. What is the tens digit of y(0)?
7
Let y = -1 - 5. Let z be (16/y)/(8/(-36)). What is the units digit of 9/12 + 3/z?
1
Suppose 14 = 2*q + 4. Suppose -19 = -2*a - 5*l, -83 - 2 = -q*a - 5*l. What is the units digit of a?
2
Let b be 5 - (-7)/(7/(-2)). Let d = b + 5. What is the units digit of d?
8
Suppose -3*m + 3*j = -j - 92, 5*m - 3*j = 135. What is the tens digit of m?
2
Let j = -2 - -4. Suppose 4*c - 2 = -2*n, -j*n + 3*c = 1 - 24. What is the units digit of n?
7
Suppose 4*s - 6*s + 3*d + 187 = 0, -3*s = 5*d - 309. What is the tens digit of s?
9
Suppose -236 = -2*w + 76. What is the units digit of w?
6
Suppose -5*r - 3*v + 177 = 0, 0 = -2*r - 2*v + v + 70. What is the tens digit of r?
3
Let y be ((-9)/6)/(6/(-16)). Suppose -4*q - 8 - y = 0. Let d = 7 + q. What is the units digit of d?
4
Let z(s) = -6*s - 13. What is the tens digit of z(-6)?
2
Let r(x) = -x**2 + x + 2. Let f be r(1). Let d = 12 - f. What is the tens digit of d?
1
Suppose -3*l + 144 + 6 = 0. Let n = 74 - l. Suppose -c = c - n. What is the tens digit of c?
1
Let m = 15 - 11. Suppose -8 = 8*g - m*g. Let l(h) = h + 4. What is the units digit of l(g)?
2
Let k = 54 + 33. Suppose -5*j + 2*j + k = 0. What is the units digit of j?
9
Let b(d) = 5*d**2 - 7*d - 7. What is the tens digit of b(-5)?
5
Suppose 13 = -3*g - 14. Suppose -2*d - 2*i = 18, 0 = d - 5*d - 3*i - 32. Let x = d - g. What is the units digit of x?
4
Let g(x) = 9*x**2 + x - 1. Let m = 7 + -6. What is the units digit of g(m)?
9
Let n = -8 - -15. Let p be ((-6)/9)/((-2)/6). What is the tens digit of p + n/1 - -1?
1
Let t(i) be the second derivative of -i**5/20 + i**4/12 + i**3/2 - i**2/2 + 10*i. Suppose 0 = z - 2*z + 1, -z + 3 = h. What is the units digit of t(h)?
1
Let l(p) = -p + 2. Let t(g) = -g - 8. Let m be 0 + 4*-1*1. Let y be t(m). What is the units digit of l(y)?
6
Let q = -169 - -479. What is the hundreds digit of q?
3
Suppose 5*i - 1 = 2*l - 2, 4*l + 2*i + 10 = 0. What is the units digit of 10 + (-2 - l - 1)?
9
Suppose -2*f = -f. Let c = 0 - f. Let y = 5 + c. What is the units digit of y?
5
Suppose u - 4*u + 28 = 4*g, -u = -2*g + 4. Let q be 0/(2 + -3 + 0). Suppose 0 = u*n - 4 - q. What is the units digit of n?
1
Let z(s) = 23*s**2 + 8*s + 4. What is the units digit of z(-3)?
7
Suppose -5*q + 6*q - k - 247 = 0, 2*k = -5*q + 1200. What is the tens digit of q?
4
What is the tens digit of -3 - (-1 - (2 - (0 - 39)))?
3
Suppose 2*p - 6*p = -8. Suppose 5*y = -3*k + 47, p*y + 1 = -k + 19. What is the units digit of y?
7
Suppose -2*u - 24 = 4*w, 5*w + 10 = 2*u - 2. Let o = u + 7. Suppose 3*m - 3 = 3*d, o*d - 7*d = 2*m - 2. What is the units digit of m?
1
Let j = 17 + -7. Suppose -11*a + 34 = -j*a. What is the units digit of a?
4
Let w(u) = -u**2 - 12*u - 2. Suppose 0 = 5*k - 3*v + v + 60, k + 4*v - 10 = 0. Let q be w(k). What is the units digit of (-20)/(-8)*q/5?
9
Suppose 0 = 5*h - 7*h + 96. What is the tens digit of h?
4
Let d(l) = l**3 + 5*l**2 + 3*l + 3. Let z be d(-4). Let o = -4 + z. Suppose -o*w = -4*w + 2. What is the units digit of w?
2
Let f(y) = -y**3 - 7*y**2 - 7*y - 1. Let q be f(-6). Suppose 0 = b - q*p + 13, 2*b - 5*p + 6 = -0. What is the units digit of b?
7
Suppose -2*w - 2*y + 76 = 0, -34 = -4*w + 2*y + 100. What is the units digit of ((-28)/w)/((-1)/10)?
8
Let m(i) = i**3 + 7*i**2 + 7*i - 2. Let r = -11 + 6. Let x be m(r). Let p = x - 7. What is the units digit of p?
6
Suppose 0 = r + 3*y + 8, 2*y + 1 + 11 = r. What is the units digit of r?
4
Suppose -2 = -2*k + 2, p + 2*k - 70 = 0. What is the units digit of p?
6
Let j(a) = -a**3 + 5*a**2 + a - 4. Let v be j(4). Suppose 0 = -4*f - 0*f + v. What is the units digit of f?
4
Suppose 3*u + 5 + 3 = -x, -2*u - 8 = 0. Suppose -2*d + 38 = x*l - 0*d, l - 4*d - 5 = 0. What is the units digit of l?
9
Let d(l) = -12 + 4*l**2 + 5 + 7 + l. What is the units digit of d(2)?
8
Let l(j) = -10*j + 1. Let f be l(-1). Suppose 9*o - f*o = -46. What is the units digit of o?
3
Let u(a) = 4*a + 7 - 6*a + a. What is the units digit of u(4)?
3
Let j be (4/12)/(1/141). Suppose -a + n + 2 = -15, 3*a = 5*n + j. What is the units digit of a?
9
Suppose 0*z = 4*z - 2*x + 2, -5*z - 3 = -3*x. Suppose 0 = -z*r + 3*r - 27. What is the units digit of r?
9
Let q(l) = 11*l**3 - 3*l**2 + l. Let u be q(2). Suppose k + 2*s = -u, -2*k - 3*s - 109 = 42. What is the tens digit of 6/18 + k/(-3)?
2
Suppose -7 = -5*w + 8. Suppose w*b + 0*b - 36 = 0. What is the units digit of b?
2
Let d be (252/(-20))/(2/(-10)). Let c = -34 + d. What is the tens digit of c?
2
Suppose -5 = -0*l - l. Suppose 12 + 0 = 4*m, 5*m + 5 = l*o. Suppose 5 = 3*f - o. What is the units digit of f?
3
What is the hundreds digit of 376/(-12)*(-84)/8?
3
Suppose -b + 191 - 6 = 0. What is the tens digit of b?
8
Let h = -46 - -98. What is the units digit of h?
2
Suppose -2 = n - 3*n. What is the units digit of ((-3)/(-6)*10)/n?
5
Let n(a) = -12*a - 13. What is the tens digit of n(-14)?
5
Let g(j) = -j**3 + 7*j**2 + 4*j - 7. Let x be g(7). Let h = -16 + x. What is the units digit of h?
5
Let w = -1 - 3. Let c = w + 6. Suppose q + 8 = c*q. What is the units digit of q?
8
Suppose -1 = -f, 11 + 9 = 3*b + 5*f. Suppose b*k = 9*k - 100. What is the tens digit of k?
2
Let w = -10 - -40. What is the tens digit of w?
3
Let t = -9 - -2. Let a(p) = -p**2 - 5*p - 8. Let o be a(t). What is the units digit of 8/(-20) - o/5?
4
Suppose 4*h = -4*o + 4, 2*h + 2 = -3*o - o. What is the units digit of h?
3
Suppose 14 = z + 2*z - 2*i, 0 = 4*i + 4. Suppose -c = 3*c - z. What is the units digit of c?
1
Let n = -4 + 1. What is the units digit of ((-9)/6)/(n/10)?
5
Let h be 40/16*138/5. Let c = 109 - h. What is the units digit of c?
0
Suppose 12 = -4*j + 8. What is the units digit of 2 - (0 + j)/1?
3
Suppose 5*k = 4 - 14, -k - 14 = -4*g. Let d = g + -1. What is the units digit of 11/(-2)*(d - 4)?
1
Let x be (3/2)/(3/4). Let w = -6 - 4. What is the units digit of w/(-15)*21/x?
7
Let d = 6 + 50. What is the tens digit of d?
5
Let f(x) = -11*x - 1. What is the units digit of f(-1)?
0
Let a = -162 - -231. What is the units digit of a?
9
Let p(f) = 14*f**2 + 8*f - 15. What is the hundreds digit of p(4)?
2
What is the units digit of 18 - 1 - (4 + -7 + 3)?
7
What is the units digit of 102/85*220/6?
4
Let q = 1 + -2. Let o = 2 - q. Suppose 2*w = -o*w + 35. What is the units digit of w?
7
Suppose -29 = -5*d + 1. Let w = d - 4. Suppose w - 4 = -o. What is the units digit of o?
2
Let n = 16 + -13. Suppose 2*f - 103 = -3*d, -25 = -2*d - n*d. What is the units digit of f?
4
Let r(s) = s**3 - 8*s**2 + 7*s + 1. Let p be (-7)/(((-3)/1)/(-3)). Let u = 0 - p. What is the units digit of r(u)?
1
Suppose -4*b - 29 = -9, -5*h - b + 5 = 0. Suppose h*w = 4*w - 40. Suppose 3*o + 0 + 11 = r, -3*r - 4*o + w = 0. What is the units digit of r?
8
Let g(n) = 2*n**2 + n. Let b(x) = -7*x**2 - 5*x + 1. Suppose o + 2*z + 1 = 2, 20 = -5*z. Let l(s) = o*g(s) + 2*b(s). What is the units digit of l(2)?
6
Suppose 31 = 6*k - k + 2*p, 2*k = p + 7. Suppose -4*f - 5*z = -3*z - 48, -k*f + 2*z = -42. Suppose 0 = 2*l - 3*a + a, l - f = -a. What is the units digit of l?
5
Suppose 0 = 3*j + 4*h - 128, -j + 3*j - 5*h - 116 = 0. What is the tens digit of j?
4
Let m(v) be the second derivative of -2*v + 0 - 1/6*v**3 - 1/2*v**2. What is the units digit of m(-6)?
5
Let h be (-17 - 0) + (-3)/(-1). What is the units digit of (-1 + h)*6/(-9)?
0
Let g = -1 - -3. Suppose -64 = g*v - 6*v. What is the tens digit of v?
1
Let f = 2 - -1. Let r(o) = -o**2 + 0*o**2 - 5*o + 3 + o**f - 3*o**2. What is the units digit of r(5)?
3
Let j(n) = -4*n - 8